{"id":7898,"date":"2021-11-29T19:57:58","date_gmt":"2021-11-29T19:57:58","guid":{"rendered":"http:\/\/vps-2799337-x.dattaweb.com\/htlurbano?page_id=7898"},"modified":"2025-06-03T09:02:28","modified_gmt":"2025-06-03T12:02:28","slug":"ofertas-2","status":"publish","type":"page","link":"https:\/\/htlhoteles.com\/htlurbano\/pt\/ofertas-2\/","title":{"rendered":"Ofertas"},"content":{"rendered":"<div class=\"wpb-content-wrapper\"><p>[vc_row full_width=\u00bbstretch_row_content_no_spaces\u00bb woodmart_css_id=\u00bb61a173131ea77&#8243; responsive_spacing=\u00bbeyJwYXJhbV90eXBlIjoid29vZG1hcnRfcmVzcG9uc2l2ZV9zcGFjaW5nIiwic2VsZWN0b3JfaWQiOiI2MWExNzMxMzFlYTc3Iiwic2hvcnRjb2RlIjoidmNfcm93IiwiZGF0YSI6eyJ0YWJsZXQiOnt9LCJtb2JpbGUiOnt9fX0=\u00bb mobile_bg_img_hidden=\u00bbno\u00bb tablet_bg_img_hidden=\u00bbno\u00bb woodmart_parallax=\u00bb0&#8243; woodmart_gradient_switch=\u00bbno\u00bb woodmart_box_shadow=\u00bbno\u00bb wd_z_index=\u00bbno\u00bb woodmart_disable_overflow=\u00bb0&#8243; row_reverse_mobile=\u00bb0&#8243; row_reverse_tablet=\u00bb0&#8243;][vc_column]\n\t\t\t\t<p class=\"rs-p-wp-fix\"><\/p>\n\t\t\t\t<sr7-module data-alias=\"slider-ofertas-11\" data-id=\"8\" id=\"SR7_8_1\" data-version=\"7.0.5.1\">\n\t\t\t\t\t<sr7-adjuster><\/sr7-adjuster>\n\t\t\t\t\t<sr7-content>\n\t\t\t\t\t\t<sr7-slide id=\"SR7_8_1-21\" data-key=\"21\">\n\t\t\t\t\t\t\t<sr7-bg id=\"SR7_8_1-21-1\" class=\"sr7-layer\"><noscript><img decoding=\"async\" src=\"https:\/\/htlhoteles.com\/htlurbano\/wp-content\/uploads\/2023\/01\/3.jpg\" alt=\"\" title=\"3\"><\/noscript><\/sr7-bg>\n\t\t\t\t\t\t<\/sr7-slide>\n\t\t\t\t\t\t<sr7-slide id=\"SR7_8_1-34\" data-key=\"34\">\n\t\t\t\t\t\t\t<sr7-bg id=\"SR7_8_1-34-1\" class=\"sr7-layer\"><noscript><img decoding=\"async\" src=\"https:\/\/htlhoteles.com\/htlurbano\/wp-content\/uploads\/2023\/01\/pt.jpg\" alt=\"\" title=\"pt\"><\/noscript><\/sr7-bg>\n\t\t\t\t\t\t<\/sr7-slide>\n\t\t\t\t\t\t<sr7-slide id=\"SR7_8_1-35\" data-key=\"35\">\n\t\t\t\t\t\t\t<sr7-bg id=\"SR7_8_1-35-1\" class=\"sr7-layer\"><noscript><img decoding=\"async\" src=\"https:\/\/htlhoteles.com\/htlurbano\/wp-content\/uploads\/2023\/01\/6pt.jpg\" alt=\"\" title=\"6pt\"><\/noscript><\/sr7-bg>\n\t\t\t\t\t\t<\/sr7-slide>\n\t\t\t\t\t\t<sr7-slide id=\"SR7_8_1-43\" data-key=\"43\">\n\t\t\t\t\t\t<\/sr7-slide>\n\t\t\t\t\t<\/sr7-content>\n\t\t\t\t\t<image_lists style=\"display:none\">\n\t\t\t\t\t\t<img data-src=\"\/\/htlhoteles.com\/htlurbano\/wp-content\/uploads\/2023\/01\/3.jpg\" data-libid=\"9813\" data-lib=\"medialibrary\" title=\"3\" width=\"0\" height=\"0\" data-dbsrc=\"Ly9odGxob3RlbGVzLmNvbS9odGx1cmJhbm8vd3AtY29udGVudC91cGxvYWRzLzIwMjMvMDEvMy5qcGc=\"\/>\n\t\t\t\t\t\t<img data-src=\"\/\/htlhoteles.com\/htlurbano\/wp-content\/uploads\/2023\/01\/pt.jpg\" data-libid=\"9855\" data-lib=\"medialibrary\" title=\"pt\" width=\"0\" height=\"0\" data-dbsrc=\"Ly9odGxob3RlbGVzLmNvbS9odGx1cmJhbm8vd3AtY29udGVudC91cGxvYWRzLzIwMjMvMDEvcHQuanBn\"\/>\n\t\t\t\t\t\t<img data-src=\"\/\/htlhoteles.com\/htlurbano\/wp-content\/uploads\/2023\/01\/6pt.jpg\" data-libid=\"9856\" data-lib=\"medialibrary\" title=\"6pt\" width=\"0\" height=\"0\" data-dbsrc=\"Ly9odGxob3RlbGVzLmNvbS9odGx1cmJhbm8vd3AtY29udGVudC91cGxvYWRzLzIwMjMvMDEvNnB0LmpwZw==\"\/>\n\t\t\t\t\t<\/image_lists>\n\t\t\t\t<\/sr7-module>\n\t\t\t\t<script>\n\t\t\t\t\twindow.SR7??={}; SR7.PMH ??={}; SR7.PMH[\"SR7_8_1\"] = {cn:100,state:false,fn: function() { if (window._tpt!==undefined && window._tpt.prepareModuleHeight !== undefined) {  _tpt.prepareModuleHeight({id:\"SR7_8_1\",el:[390,390,768,960,720],type:'standard',gh:[390,390,\"#a\",\"#a\",\"#a\"],gw:[1280,1280,\"#a\",\"#a\",\"#a\"],vpt:['-100px'],size:{fullWidth:true, fullHeight:false},mh:'0',onh:0,onw:0,bg:{color:'{\"orig\":\"transparent\",\"type\":\"solid\",\"string\":\"transparent\"}'}});   SR7.PMH[\"SR7_8_1\"].state=true;} else if(SR7.PMH[\"SR7_8_1\"].cn-->0)\tsetTimeout( SR7.PMH[\"SR7_8_1\"].fn,19);}};SR7.PMH[\"SR7_8_1\" ].fn();\n\t\t\t\t<\/script>\n[vc_column_text woodmart_inline=\u00bbno\u00bb text_larger=\u00bbno\u00bb][dvt_social_media][\/vc_column_text][\/vc_column][\/vc_row][vc_row woodmart_css_id=\u00bb61bbcfe896807&#8243; responsive_spacing=\u00bbeyJwYXJhbV90eXBlIjoid29vZG1hcnRfcmVzcG9uc2l2ZV9zcGFjaW5nIiwic2VsZWN0b3JfaWQiOiI2MWJiY2ZlODk2ODA3Iiwic2hvcnRjb2RlIjoidmNfcm93IiwiZGF0YSI6eyJ0YWJsZXQiOnt9LCJtb2JpbGUiOnsibWFyZ2luLXJpZ2h0IjoiMSIsIm1hcmdpbi1sZWZ0IjoiMSJ9fX0=\u00bb mobile_bg_img_hidden=\u00bbno\u00bb tablet_bg_img_hidden=\u00bbno\u00bb woodmart_parallax=\u00bb0&#8243; woodmart_gradient_switch=\u00bbno\u00bb woodmart_box_shadow=\u00bbno\u00bb wd_z_index=\u00bbno\u00bb woodmart_disable_overflow=\u00bb0&#8243; row_reverse_mobile=\u00bb0&#8243; row_reverse_tablet=\u00bb0&#8243;][vc_column css=\u00bb.vc_custom_1639583876800{margin-top: -50px !important;background-color: #ffffff !important;}\u00bb woodmart_css_id=\u00bb61ba107f8537a\u00bb parallax_scroll=\u00bbno\u00bb woodmart_sticky_column=\u00bbfalse\u00bb wd_collapsible_content_switcher=\u00bbno\u00bb mobile_bg_img_hidden=\u00bbno\u00bb tablet_bg_img_hidden=\u00bbno\u00bb woodmart_parallax=\u00bb0&#8243; woodmart_box_shadow=\u00bbno\u00bb mobile_reset_margin=\u00bbno\u00bb tablet_reset_margin=\u00bbno\u00bb wd_z_index=\u00bbyes\u00bb responsive_spacing=\u00bbeyJwYXJhbV90eXBlIjoid29vZG1hcnRfcmVzcG9uc2l2ZV9zcGFjaW5nIiwic2VsZWN0b3JfaWQiOiI2MWJhMTA3Zjg1MzdhIiwic2hvcnRjb2RlIjoidmNfY29sdW1uIiwiZGF0YSI6eyJ0YWJsZXQiOnt9LCJtb2JpbGUiOnsibWFyZ2luLXRvcCI6IjEifX19&#8243; wd_z_index_custom=\u00bbeyJkZXZpY2VzIjp7ImRlc2t0b3AiOnsidmFsdWUiOiI1In19LCJzZWxlY3Rvcl9pZCI6IjYxYmExMDdmODUzN2EiLCJzaG9ydGNvZGUiOiJ2Y19jb2x1bW4iLCJzZWxlY3RvcnMiOnsie3tXUkFQUEVSfX0iOiJ6LWluZGV4OiB7e1ZBTFVFfX0ifX0=\u00bb][vc_row_inner css=\u00bb.vc_custom_1638287982731{margin-top: -20px !important;}\u00bb woodmart_css_id=\u00bb61a64a67e7d1b\u00bb responsive_spacing=\u00bbeyJwYXJhbV90eXBlIjoid29vZG1hcnRfcmVzcG9uc2l2ZV9zcGFjaW5nIiwic2VsZWN0b3JfaWQiOiI2MWE2NGE2N2U3ZDFiIiwic2hvcnRjb2RlIjoidmNfcm93X2lubmVyIiwiZGF0YSI6eyJ0YWJsZXQiOnt9LCJtb2JpbGUiOnt9fX0=\u00bb mobile_bg_img_hidden=\u00bbno\u00bb tablet_bg_img_hidden=\u00bbno\u00bb woodmart_parallax=\u00bb0&#8243; woodmart_gradient_switch=\u00bbno\u00bb woodmart_box_shadow=\u00bbno\u00bb wd_z_index=\u00bbno\u00bb woodmart_disable_overflow=\u00bb0&#8243; row_reverse_mobile=\u00bb0&#8243; row_reverse_tablet=\u00bb0&#8243;][vc_column_inner width=\u00bb1\/3&#8243;][vc_single_image image=\u00bb9818&#8243; img_size=\u00bbfull\u00bb alignment=\u00bbcenter\u00bb parallax_scroll=\u00bbno\u00bb woodmart_inline=\u00bbno\u00bb][vc_column_text woodmart_inline=\u00bbno\u00bb text_larger=\u00bbno\u00bb]<\/p>\n<ul class=\"lista_ofertas\">\n<li><span style=\"color: #666666;\"><strong><b>Clique <a href=\"https:\/\/htlhoteles.com\/htlurbano\/pt\/clube-de-beneficios\/\">AQUI<\/a> e torne-se um membro<\/b><\/strong><\/span><\/li>\n<li><span style=\"color: #666666;\"><strong>Participe de nosso programa<\/strong><\/span><\/li>\n<li><span style=\"color: #666666;\"><strong>Ap\u00f3s a sua 2\u00aa estadia acede a ventagens exclusivas<\/strong><\/span><\/li>\n<li><span style=\"color: #666666;\"><strong>Sujeito a disponibilidade<\/strong><\/span><\/li>\n<li><span style=\"color: #666666;\"><strong>N\u00e3o o perca!!!<\/strong><\/span><\/li>\n<\/ul>\n<p>[\/vc_column_text]<div id=\"wd-63166a60114e9\" class=\" wd-rs-63166a60114e9  wd-button-wrapper text-center inline-element\"><a href=\"http:\/\/htlhoteles.com\/htlurbano\/pt\/reserva\/\" title=\"\" class=\"btn btn-color-primary btn-style-default btn-shape-semi-round btn-size-extra-small\">RESERVE<\/a><\/div><div id=\"wd-63167186c4a4f\" class=\" wd-rs-63167186c4a4f  wd-button-wrapper text-center inline-element\"><a href=\"http:\/\/htlhoteles.com\/htlurbano\/pt\/contato\/\" title=\"Contacto\" class=\"btn btn-color-primary btn-style-default btn-shape-semi-round btn-size-extra-small\">CONTATO<\/a><\/div><div id=\"wd-6316719bc234e\" class=\" wd-rs-6316719bc234e  wd-button-wrapper text-center inline-element\"><a href=\"http:\/\/htlhoteles.com\/htlurbano\/pt\/contato\/\" title=\"Contato\" class=\"btn btn-color-primary btn-style-default btn-shape-semi-round btn-size-extra-small\">CHAMENOS<\/a><\/div>[vc_column_text css=\u00bb.vc_custom_1639697882902{margin-left: 40% !important;}\u00bb woodmart_inline=\u00bbno\u00bb text_larger=\u00bbno\u00bb]<\/p>\n<p style=\"text-align: center;\"><span style=\"color: #ff5f00;\"><a style=\"color: #ff5f00;\" href=\"http:\/\/htlhoteles.com\/htlurbano\/\/pt\/divulgacoes\/\">Veja Divulga\u00e7\u00f5es<\/a><\/span><\/p>\n<p>[\/vc_column_text][\/vc_column_inner][vc_column_inner width=\u00bb1\/3&#8243;][vc_single_image image=\u00bb9851&#8243; img_size=\u00bbfull\u00bb alignment=\u00bbcenter\u00bb parallax_scroll=\u00bbno\u00bb woodmart_inline=\u00bbno\u00bb][vc_column_text woodmart_inline=\u00bbno\u00bb text_larger=\u00bbno\u00bb]<\/p>\n<ul class=\"lista_ofertas\">\n<li><span style=\"color: #666666;\"><strong>50% de desconto inclu\u00eddo na tarifa<\/strong><\/span><\/li>\n<li><span style=\"color: #666666;\"><strong>Sujeito a disponibilidade<\/strong><\/span><\/li>\n<li><span style=\"color: #666666;\"><strong>Cancelamento flex\u00edvel<\/strong><\/span><\/li>\n<li><span style=\"color: #666666;\"><strong>N\u00e3o combin\u00e1vel com outras promo\u00e7\u00f5es<\/strong><\/span><\/li>\n<li><span style=\"color: #666666;\"><strong>Reservas confirmadas 15 dias antes da data de entrada<\/strong><\/span><\/li>\n<\/ul>\n<p>[\/vc_column_text]<div id=\"wd-63166a7a95cc1\" class=\" wd-rs-63166a7a95cc1  wd-button-wrapper text-center inline-element\"><a href=\"http:\/\/htlhoteles.com\/htlurbano\/pt\/reserva\/\" title=\"\" class=\"btn btn-color-primary btn-style-default btn-shape-semi-round btn-size-extra-small\">RESERVE<\/a><\/div><div id=\"wd-631671a66a3d9\" class=\" wd-rs-631671a66a3d9  wd-button-wrapper text-center inline-element\"><a href=\"http:\/\/htlhoteles.com\/htlurbano\/pt\/contato\/\" title=\"Contacto\" class=\"btn btn-color-primary btn-style-default btn-shape-semi-round btn-size-extra-small\">CONTATO<\/a><\/div><div id=\"wd-631671aecfdda\" class=\" wd-rs-631671aecfdda  wd-button-wrapper text-center inline-element\"><a href=\"http:\/\/htlhoteles.com\/htlurbano\/pt\/contato\/\" title=\"Contato\" class=\"btn btn-color-primary btn-style-default btn-shape-semi-round btn-size-extra-small\">CHAMENOS<\/a><\/div>[vc_column_text css=\u00bb.vc_custom_1639697882902{margin-left: 40% !important;}\u00bb woodmart_inline=\u00bbno\u00bb text_larger=\u00bbno\u00bb]<\/p>\n<p style=\"text-align: center;\"><span style=\"color: #ff5f00;\"><a style=\"color: #ff5f00;\" href=\"http:\/\/htlhoteles.com\/htlurbano\/\/pt\/divulgacoes\/\">Veja Divulga\u00e7\u00f5es<\/a><\/span><\/p>\n<p>[\/vc_column_text][\/vc_column_inner][vc_column_inner width=\u00bb1\/3&#8243;][vc_single_image image=\u00bb9852&#8243; img_size=\u00bbfull\u00bb alignment=\u00bbcenter\u00bb css=\u00bb\u00bb parallax_scroll=\u00bbno\u00bb woodmart_inline=\u00bbno\u00bb][vc_column_text css=\u00bb\u00bb woodmart_inline=\u00bbno\u00bb text_larger=\u00bbno\u00bb]<\/p>\n<ul class=\"lista_ofertas\">\n<li><span style=\"color: #666666;\"><strong>45% de desconto inclu\u00eddo na tarifa<\/strong><\/span><\/li>\n<li><span style=\"color: #666666;\"><strong>Sujeito a disponibilidade<\/strong><\/span><\/li>\n<li><span style=\"color: #666666;\"><strong>N\u00e3o combin\u00e1vel com outras promo\u00e7\u00f5es<\/strong><\/span><\/li>\n<li><span style=\"color: #666666;\"><strong>Cancelamento flex\u00edvel<\/strong><\/span><\/li>\n<\/ul>\n<p>[\/vc_column_text]<div id=\"wd-63166a82abbf1\" class=\" wd-rs-63166a82abbf1  wd-button-wrapper text-center inline-element\"><a href=\"http:\/\/htlhoteles.com\/htlurbano\/pt\/reserva\/\" title=\"\" class=\"btn btn-color-primary btn-style-default btn-shape-semi-round btn-size-extra-small\">RESERVE<\/a><\/div><div id=\"wd-631671bf2d2e9\" class=\" wd-rs-631671bf2d2e9  wd-button-wrapper text-center inline-element\"><a href=\"http:\/\/htlhoteles.com\/htlurbano\/pt\/contato\/\" title=\"Contacto\" class=\"btn btn-color-primary btn-style-default btn-shape-semi-round btn-size-extra-small\">CONTATO<\/a><\/div><div id=\"wd-631671b7ecbb1\" class=\" wd-rs-631671b7ecbb1  wd-button-wrapper text-center inline-element\"><a href=\"http:\/\/htlhoteles.com\/htlurbano\/pt\/contato\/\" title=\"Contato\" class=\"btn btn-color-primary btn-style-default btn-shape-semi-round btn-size-extra-small\">CHAMENOS<\/a><\/div>[vc_column_text css=\u00bb.vc_custom_1639697882902{margin-left: 40% !important;}\u00bb woodmart_inline=\u00bbno\u00bb text_larger=\u00bbno\u00bb]<\/p>\n<p style=\"text-align: center;\"><span style=\"color: #ff5f00;\"><a style=\"color: #ff5f00;\" href=\"http:\/\/htlhoteles.com\/htlurbano\/\/pt\/divulgacoes\/\">Veja Divulga\u00e7\u00f5es<\/a><\/span><\/p>\n<p>[\/vc_column_text][\/vc_column_inner][\/vc_row_inner][\/vc_column][\/vc_row]<\/p>\n<\/div>","protected":false},"excerpt":{"rendered":"<p>[vc_row full_width=\u00bbstretch_row_content_no_spaces\u00bb woodmart_css_id=\u00bb61a173131ea77&#8243; responsive_spacing=\u00bbeyJwYXJhbV90eXBlIjoid29vZG1hcnRfcmVzcG9uc2l2ZV9zcGFjaW5nIiwic2VsZWN0b3JfaWQiOiI2MWExNzMxMzFlYTc3Iiwic2hvcnRjb2RlIjoidmNfcm93IiwiZGF0YSI6eyJ0YWJsZXQiOnt9LCJtb2JpbGUiOnt9fX0=\u00bb mobile_bg_img_hidden=\u00bbno\u00bb tablet_bg_img_hidden=\u00bbno\u00bb woodmart_parallax=\u00bb0&#8243; woodmart_gradient_switch=\u00bbno\u00bb woodmart_box_shadow=\u00bbno\u00bb wd_z_index=\u00bbno\u00bb woodmart_disable_overflow=\u00bb0&#8243; row_reverse_mobile=\u00bb0&#8243; row_reverse_tablet=\u00bb0&#8243;][vc_column][vc_column_text woodmart_inline=\u00bbno\u00bb text_larger=\u00bbno\u00bb][dvt_social_media][\/vc_column_text][\/vc_column][\/vc_row][vc_row woodmart_css_id=\u00bb61bbcfe896807&#8243; responsive_spacing=\u00bbeyJwYXJhbV90eXBlIjoid29vZG1hcnRfcmVzcG9uc2l2ZV9zcGFjaW5nIiwic2VsZWN0b3JfaWQiOiI2MWJiY2ZlODk2ODA3Iiwic2hvcnRjb2RlIjoidmNfcm93IiwiZGF0YSI6eyJ0YWJsZXQiOnt9LCJtb2JpbGUiOnsibWFyZ2luLXJpZ2h0IjoiMSIsIm1hcmdpbi1sZWZ0IjoiMSJ9fX0=\u00bb mobile_bg_img_hidden=\u00bbno\u00bb tablet_bg_img_hidden=\u00bbno\u00bb woodmart_parallax=\u00bb0&#8243;<\/p>\n","protected":false},"author":1,"featured_media":0,"parent":0,"menu_order":0,"comment_status":"closed","ping_status":"closed","template":"","meta":{"rs_blank_template":"","rs_page_bg_color":"","slide_template_v7":"","_joinchat":[],"footnotes":""},"class_list":["post-7898","page","type-page","status-publish","hentry"],"yoast_head":"<!-- This site is optimized with the Yoast SEO plugin v27.3 - https:\/\/yoast.com\/product\/yoast-seo-wordpress\/ -->\n<title>Ofertas - HTL Urbano<\/title>\n<meta name=\"robots\" content=\"index, follow, max-snippet:-1, max-image-preview:large, max-video-preview:-1\" \/>\n<link rel=\"canonical\" href=\"https:\/\/htlhoteles.com\/htlurbano\/pt\/ofertas-2\/\" \/>\n<meta property=\"og:locale\" content=\"es_ES\" \/>\n<meta property=\"og:type\" content=\"article\" \/>\n<meta property=\"og:title\" content=\"Ofertas - HTL Urbano\" \/>\n<meta property=\"og:description\" content=\"[vc_row full_width=\u00bbstretch_row_content_no_spaces\u00bb woodmart_css_id=\u00bb61a173131ea77&#8243; responsive_spacing=\u00bbeyJwYXJhbV90eXBlIjoid29vZG1hcnRfcmVzcG9uc2l2ZV9zcGFjaW5nIiwic2VsZWN0b3JfaWQiOiI2MWExNzMxMzFlYTc3Iiwic2hvcnRjb2RlIjoidmNfcm93IiwiZGF0YSI6eyJ0YWJsZXQiOnt9LCJtb2JpbGUiOnt9fX0=\u00bb mobile_bg_img_hidden=\u00bbno\u00bb tablet_bg_img_hidden=\u00bbno\u00bb woodmart_parallax=\u00bb0&#8243; woodmart_gradient_switch=\u00bbno\u00bb woodmart_box_shadow=\u00bbno\u00bb wd_z_index=\u00bbno\u00bb woodmart_disable_overflow=\u00bb0&#8243; row_reverse_mobile=\u00bb0&#8243; row_reverse_tablet=\u00bb0&#8243;][vc_column][vc_column_text woodmart_inline=\u00bbno\u00bb text_larger=\u00bbno\u00bb][dvt_social_media][\/vc_column_text][\/vc_column][\/vc_row][vc_row woodmart_css_id=\u00bb61bbcfe896807&#8243; responsive_spacing=\u00bbeyJwYXJhbV90eXBlIjoid29vZG1hcnRfcmVzcG9uc2l2ZV9zcGFjaW5nIiwic2VsZWN0b3JfaWQiOiI2MWJiY2ZlODk2ODA3Iiwic2hvcnRjb2RlIjoidmNfcm93IiwiZGF0YSI6eyJ0YWJsZXQiOnt9LCJtb2JpbGUiOnsibWFyZ2luLXJpZ2h0IjoiMSIsIm1hcmdpbi1sZWZ0IjoiMSJ9fX0=\u00bb mobile_bg_img_hidden=\u00bbno\u00bb tablet_bg_img_hidden=\u00bbno\u00bb woodmart_parallax=\u00bb0&#8243;\" \/>\n<meta property=\"og:url\" content=\"https:\/\/htlhoteles.com\/htlurbano\/pt\/ofertas-2\/\" \/>\n<meta property=\"og:site_name\" content=\"HTL Urbano\" \/>\n<meta property=\"article:publisher\" content=\"https:\/\/www.facebook.com\/HTLhotelescadena\/\" \/>\n<meta property=\"article:modified_time\" content=\"2025-06-03T12:02:28+00:00\" \/>\n<meta name=\"twitter:card\" content=\"summary_large_image\" \/>\n<meta name=\"twitter:label1\" content=\"Tiempo de lectura\" \/>\n\t<meta name=\"twitter:data1\" content=\"2 minutos\" \/>\n<script type=\"application\/ld+json\" class=\"yoast-schema-graph\">{\"@context\":\"https:\\\/\\\/schema.org\",\"@graph\":[{\"@type\":\"WebPage\",\"@id\":\"https:\\\/\\\/htlhoteles.com\\\/htlurbano\\\/pt\\\/ofertas-2\\\/\",\"url\":\"https:\\\/\\\/htlhoteles.com\\\/htlurbano\\\/pt\\\/ofertas-2\\\/\",\"name\":\"Ofertas - HTL Urbano\",\"isPartOf\":{\"@id\":\"https:\\\/\\\/htlhoteles.com\\\/htlurbano\\\/#website\"},\"datePublished\":\"2021-11-29T19:57:58+00:00\",\"dateModified\":\"2025-06-03T12:02:28+00:00\",\"breadcrumb\":{\"@id\":\"https:\\\/\\\/htlhoteles.com\\\/htlurbano\\\/pt\\\/ofertas-2\\\/#breadcrumb\"},\"inLanguage\":\"es\",\"potentialAction\":[{\"@type\":\"ReadAction\",\"target\":[\"https:\\\/\\\/htlhoteles.com\\\/htlurbano\\\/pt\\\/ofertas-2\\\/\"]}]},{\"@type\":\"BreadcrumbList\",\"@id\":\"https:\\\/\\\/htlhoteles.com\\\/htlurbano\\\/pt\\\/ofertas-2\\\/#breadcrumb\",\"itemListElement\":[{\"@type\":\"ListItem\",\"position\":1,\"name\":\"Portada\",\"item\":\"https:\\\/\\\/htlhoteles.com\\\/htlurbano\\\/\"},{\"@type\":\"ListItem\",\"position\":2,\"name\":\"Ofertas\"}]},{\"@type\":\"WebSite\",\"@id\":\"https:\\\/\\\/htlhoteles.com\\\/htlurbano\\\/#website\",\"url\":\"https:\\\/\\\/htlhoteles.com\\\/htlurbano\\\/\",\"name\":\"HTL Urbano\",\"description\":\"Web Oficial | Hotel en Buenos Aires | Reserve Online\",\"publisher\":{\"@id\":\"https:\\\/\\\/htlhoteles.com\\\/htlurbano\\\/#organization\"},\"potentialAction\":[{\"@type\":\"SearchAction\",\"target\":{\"@type\":\"EntryPoint\",\"urlTemplate\":\"https:\\\/\\\/htlhoteles.com\\\/htlurbano\\\/?s={search_term_string}\"},\"query-input\":{\"@type\":\"PropertyValueSpecification\",\"valueRequired\":true,\"valueName\":\"search_term_string\"}}],\"inLanguage\":\"es\"},{\"@type\":\"Organization\",\"@id\":\"https:\\\/\\\/htlhoteles.com\\\/htlurbano\\\/#organization\",\"name\":\"HTL Urbano\",\"url\":\"https:\\\/\\\/htlhoteles.com\\\/htlurbano\\\/\",\"logo\":{\"@type\":\"ImageObject\",\"inLanguage\":\"es\",\"@id\":\"https:\\\/\\\/htlhoteles.com\\\/htlurbano\\\/#\\\/schema\\\/logo\\\/image\\\/\",\"url\":\"https:\\\/\\\/htlhoteles.com\\\/htlurbano\\\/wp-content\\\/uploads\\\/2021\\\/11\\\/logo-web-3.png\",\"contentUrl\":\"https:\\\/\\\/htlhoteles.com\\\/htlurbano\\\/wp-content\\\/uploads\\\/2021\\\/11\\\/logo-web-3.png\",\"width\":660,\"height\":300,\"caption\":\"HTL Urbano\"},\"image\":{\"@id\":\"https:\\\/\\\/htlhoteles.com\\\/htlurbano\\\/#\\\/schema\\\/logo\\\/image\\\/\"},\"sameAs\":[\"https:\\\/\\\/www.facebook.com\\\/HTLhotelescadena\\\/\",\"https:\\\/\\\/www.instagram.com\\\/htlhoteles\\\/\",\"https:\\\/\\\/www.youtube.com\\\/channel\\\/UCxr9PCzfxuNF7T2CF6ihyHw\",\"https:\\\/\\\/www.linkedin.com\\\/company\\\/htlhoteles\\\/\"]}]}<\/script>\n<!-- \/ Yoast SEO plugin. -->","yoast_head_json":{"title":"Ofertas - HTL Urbano","robots":{"index":"index","follow":"follow","max-snippet":"max-snippet:-1","max-image-preview":"max-image-preview:large","max-video-preview":"max-video-preview:-1"},"canonical":"https:\/\/htlhoteles.com\/htlurbano\/pt\/ofertas-2\/","og_locale":"es_ES","og_type":"article","og_title":"Ofertas - HTL Urbano","og_description":"[vc_row full_width=\u00bbstretch_row_content_no_spaces\u00bb woodmart_css_id=\u00bb61a173131ea77&#8243; responsive_spacing=\u00bbeyJwYXJhbV90eXBlIjoid29vZG1hcnRfcmVzcG9uc2l2ZV9zcGFjaW5nIiwic2VsZWN0b3JfaWQiOiI2MWExNzMxMzFlYTc3Iiwic2hvcnRjb2RlIjoidmNfcm93IiwiZGF0YSI6eyJ0YWJsZXQiOnt9LCJtb2JpbGUiOnt9fX0=\u00bb mobile_bg_img_hidden=\u00bbno\u00bb tablet_bg_img_hidden=\u00bbno\u00bb woodmart_parallax=\u00bb0&#8243; woodmart_gradient_switch=\u00bbno\u00bb woodmart_box_shadow=\u00bbno\u00bb wd_z_index=\u00bbno\u00bb woodmart_disable_overflow=\u00bb0&#8243; row_reverse_mobile=\u00bb0&#8243; row_reverse_tablet=\u00bb0&#8243;][vc_column][vc_column_text woodmart_inline=\u00bbno\u00bb text_larger=\u00bbno\u00bb][dvt_social_media][\/vc_column_text][\/vc_column][\/vc_row][vc_row woodmart_css_id=\u00bb61bbcfe896807&#8243; responsive_spacing=\u00bbeyJwYXJhbV90eXBlIjoid29vZG1hcnRfcmVzcG9uc2l2ZV9zcGFjaW5nIiwic2VsZWN0b3JfaWQiOiI2MWJiY2ZlODk2ODA3Iiwic2hvcnRjb2RlIjoidmNfcm93IiwiZGF0YSI6eyJ0YWJsZXQiOnt9LCJtb2JpbGUiOnsibWFyZ2luLXJpZ2h0IjoiMSIsIm1hcmdpbi1sZWZ0IjoiMSJ9fX0=\u00bb mobile_bg_img_hidden=\u00bbno\u00bb tablet_bg_img_hidden=\u00bbno\u00bb woodmart_parallax=\u00bb0&#8243;","og_url":"https:\/\/htlhoteles.com\/htlurbano\/pt\/ofertas-2\/","og_site_name":"HTL Urbano","article_publisher":"https:\/\/www.facebook.com\/HTLhotelescadena\/","article_modified_time":"2025-06-03T12:02:28+00:00","twitter_card":"summary_large_image","twitter_misc":{"Tiempo de lectura":"2 minutos"},"schema":{"@context":"https:\/\/schema.org","@graph":[{"@type":"WebPage","@id":"https:\/\/htlhoteles.com\/htlurbano\/pt\/ofertas-2\/","url":"https:\/\/htlhoteles.com\/htlurbano\/pt\/ofertas-2\/","name":"Ofertas - HTL Urbano","isPartOf":{"@id":"https:\/\/htlhoteles.com\/htlurbano\/#website"},"datePublished":"2021-11-29T19:57:58+00:00","dateModified":"2025-06-03T12:02:28+00:00","breadcrumb":{"@id":"https:\/\/htlhoteles.com\/htlurbano\/pt\/ofertas-2\/#breadcrumb"},"inLanguage":"es","potentialAction":[{"@type":"ReadAction","target":["https:\/\/htlhoteles.com\/htlurbano\/pt\/ofertas-2\/"]}]},{"@type":"BreadcrumbList","@id":"https:\/\/htlhoteles.com\/htlurbano\/pt\/ofertas-2\/#breadcrumb","itemListElement":[{"@type":"ListItem","position":1,"name":"Portada","item":"https:\/\/htlhoteles.com\/htlurbano\/"},{"@type":"ListItem","position":2,"name":"Ofertas"}]},{"@type":"WebSite","@id":"https:\/\/htlhoteles.com\/htlurbano\/#website","url":"https:\/\/htlhoteles.com\/htlurbano\/","name":"HTL Urbano","description":"Web Oficial | Hotel en Buenos Aires | Reserve Online","publisher":{"@id":"https:\/\/htlhoteles.com\/htlurbano\/#organization"},"potentialAction":[{"@type":"SearchAction","target":{"@type":"EntryPoint","urlTemplate":"https:\/\/htlhoteles.com\/htlurbano\/?s={search_term_string}"},"query-input":{"@type":"PropertyValueSpecification","valueRequired":true,"valueName":"search_term_string"}}],"inLanguage":"es"},{"@type":"Organization","@id":"https:\/\/htlhoteles.com\/htlurbano\/#organization","name":"HTL Urbano","url":"https:\/\/htlhoteles.com\/htlurbano\/","logo":{"@type":"ImageObject","inLanguage":"es","@id":"https:\/\/htlhoteles.com\/htlurbano\/#\/schema\/logo\/image\/","url":"https:\/\/htlhoteles.com\/htlurbano\/wp-content\/uploads\/2021\/11\/logo-web-3.png","contentUrl":"https:\/\/htlhoteles.com\/htlurbano\/wp-content\/uploads\/2021\/11\/logo-web-3.png","width":660,"height":300,"caption":"HTL Urbano"},"image":{"@id":"https:\/\/htlhoteles.com\/htlurbano\/#\/schema\/logo\/image\/"},"sameAs":["https:\/\/www.facebook.com\/HTLhotelescadena\/","https:\/\/www.instagram.com\/htlhoteles\/","https:\/\/www.youtube.com\/channel\/UCxr9PCzfxuNF7T2CF6ihyHw","https:\/\/www.linkedin.com\/company\/htlhoteles\/"]}]}},"_links":{"self":[{"href":"https:\/\/htlhoteles.com\/htlurbano\/wp-json\/wp\/v2\/pages\/7898","targetHints":{"allow":["GET"]}}],"collection":[{"href":"https:\/\/htlhoteles.com\/htlurbano\/wp-json\/wp\/v2\/pages"}],"about":[{"href":"https:\/\/htlhoteles.com\/htlurbano\/wp-json\/wp\/v2\/types\/page"}],"author":[{"embeddable":true,"href":"https:\/\/htlhoteles.com\/htlurbano\/wp-json\/wp\/v2\/users\/1"}],"replies":[{"embeddable":true,"href":"https:\/\/htlhoteles.com\/htlurbano\/wp-json\/wp\/v2\/comments?post=7898"}],"version-history":[{"count":51,"href":"https:\/\/htlhoteles.com\/htlurbano\/wp-json\/wp\/v2\/pages\/7898\/revisions"}],"predecessor-version":[{"id":10453,"href":"https:\/\/htlhoteles.com\/htlurbano\/wp-json\/wp\/v2\/pages\/7898\/revisions\/10453"}],"wp:attachment":[{"href":"https:\/\/htlhoteles.com\/htlurbano\/wp-json\/wp\/v2\/media?parent=7898"}],"curies":[{"name":"wp","href":"https:\/\/api.w.org\/{rel}","templated":true}]}}